 + s + 70 = 0, 0*a - 2*a + 2*s + 36 = 0. Suppose -4*q - 17 = o, 4*q + a = -7. Suppose 0 = o*w - 95 - 97. What is the units digit of w?
4
Suppose -517*f + 497*f + 1539300 = 0. What is the thousands digit of f?
6
Let y(s) = -3*s**2 + 97*s - 163. Let p be y(30). Suppose -5*h - 226 + 556 = 0. Let q = h + p. What is the hundreds digit of q?
1
Suppose -139 = -2*t - 5*l, 5*t - 5*l = -3*l + 275. Suppose 4*d = -3*f + t, d - 8 = 3*f - 80. What is the units digit of f?
3
Let v(j) = -4*j + 9*j - 7 + 22 - 2*j. What is the units digit of v(6)?
3
Let j(p) = 6*p**2 + 28*p + 2216. What is the hundreds digit of j(-41)?
1
Suppose 1327003 = 11347*u - 11330*u. What is the hundreds digit of u?
0
Suppose -9 = -6*i + 7*i. Let y be (i/12)/(7/140). What is the units digit of y/(-9)*(-54)/(-15)?
6
Suppose -x - 3 = 0, -x - 9 = -0*i - 3*i. Suppose -3*h - i*a = -126, 3*h - 5*a + 40 = 166. What is the units digit of h?
2
Let a be -4 + ((-1)/(-4) - 253/(-44)). Suppose -324 = -2*p + 4*j, -p + 17 = a*j - 125. Let y = -102 + p. What is the units digit of y?
0
Let s = -1321 + 2587. Let l = -723 + s. What is the tens digit of l?
4
Let l(j) = -j**3 + 15*j**2 + 19*j - 50. Let g be l(16). What is the units digit of (-1)/((1302/650 + g)*-1)?
5
Let u(k) = k**3 + 15*k**2 - 96*k - 76. What is the thousands digit of u(17)?
7
Let y be -1 - (-12)/4 - (39 - -1). Let f = 200 - y. What is the units digit of f?
8
Suppose -4*h + 9 = -w - 157, -113 = -3*h - 5*w. Suppose 2250 = 47*c - h*c. What is the hundreds digit of c?
3
Suppose -2*c + 217 = -61. Let u = 375 - c. What is the tens digit of (21/(-14))/((-6)/u)?
5
Let k(q) = -q**2 + 7*q + 6. Let d be k(7). Suppose -2*u + d*b - b = -78, u = 4*b + 39. Suppose u*v - 36*v = 234. What is the tens digit of v?
7
Let t(d) = 47*d**2 - d. Let u be t(-3). Suppose -m + 6*c + u = 10*c, 5*c + 1620 = 4*m. What is the hundreds digit of m?
4
Let z = -378 - -376. Let f(j) = 73*j**2 - 4*j. What is the units digit of f(z)?
0
Let l(u) = -u**3 + 15*u**2 + 2*u - 22. Let v(k) = -k**3 - 6*k**2 - 7*k - 3. Let y be v(-5). What is the hundreds digit of l(y)?
3
Suppose -2*g = 0, -4*g + 51618 = 3*l + 16791. What is the thousands digit of l?
1
Let m be 497/14 - 4/(-8). What is the hundreds digit of 12656/m + -2 + 4/9?
3
Suppose 220 = 7*w + 94. Suppose 1002 + 2814 = w*p. What is the hundreds digit of p?
2
Let w(j) = 420*j + 13. What is the units digit of w(2)?
3
Suppose -5*y + 0*y - 3 = -2*x, -22 = -3*x + 4*y. Suppose 0 = -6*h + x - 2. What is the units digit of h*62/(-12)*(-11 + 8)?
1
Let n(l) = -2*l**2 + 24*l - 21. Let a = 73 - 64. What is the tens digit of n(a)?
3
Suppose -415473 = -92*r - 6*r + 798061. What is the hundreds digit of r?
3
Let p be 5/((-50)/(-6)) + 1018/(-5). What is the tens digit of p/(-2)*(-60)/(-35)?
7
Suppose -x = -5*l - 9, 3*l = -4*x + 9 + 4. Suppose -i + x*n = -57, 5*i + 0*i - 5*n - 270 = 0. Suppose 67 = 3*u - i. What is the tens digit of u?
4
What is the tens digit of 254*(21 - -152) + -6?
3
Let r(n) = 78*n + 44. Let i(b) = -234*b - 130. Let f(x) = 4*i(x) + 13*r(x). What is the tens digit of f(3)?
8
Let d(t) = 22*t**2 + 4*t + 20. Let h(p) = -22*p**2 - 4*p - 20. Let b(f) = -5*d(f) - 6*h(f). What is the hundreds digit of b(-5)?
5
Let j = -462 - -514. Let y be (18/8)/(2/144). Let f = y - j. What is the hundreds digit of f?
1
What is the units digit of (-3980)/(-6)*1080/300?
8
Suppose -5*l = l + 36. What is the tens digit of 0 + l/2 + 8 - -536?
4
Suppose -3*w = -0*w + 168. Let p = 53 + w. What is the tens digit of (p - 0) + 1248/(11 - 5)?
0
Let l be -3 - (0/(-4) + 1 - -1). Let r = l + 642. What is the tens digit of r?
3
Suppose 3*b = -2*l + 6930, 10*b = 8*b - 4*l + 4612. What is the thousands digit of b?
2
Suppose 2*y + 4985 - 1465 = -5*i, -3*i = 5*y + 2131. Let d be ((-4)/9)/(13/(i/12)). Suppose -4*u = 3*p - u - 15, -2*u + d = p. What is the units digit of p?
8
Let r(n) = -2*n**3 - 24*n**2 + 17*n + 18. What is the units digit of r(-22)?
4
Let x = -6582 + 14947. What is the thousands digit of x?
8
Suppose 0 = 99*s - 17*s - 264942. What is the tens digit of s?
3
What is the tens digit of (20/25)/(4/312050)?
1
Suppose -139*z + 280*z - 203130 = 123*z. What is the thousands digit of z?
1
Let r = 99038 - 48397. What is the thousands digit of r?
0
Let x(t) = t**2 + 5*t - 2. Let d be x(-5). Let q(i) = -5*i**3 - 5*i**3 - 38889*i**2 + 4 + 38886*i**2. What is the tens digit of q(d)?
7
Let w(u) = 40*u**2 - 63*u + 18. What is the units digit of w(16)?
0
Let y = 1230 - -976. Suppose 2*c + 559 = 3*c + 2*w, -4*c + 2*w + y = 0. What is the units digit of c?
3
Let p(r) = 9*r**3 - r**2 - r - 14. Let h = 23 + -18. What is the hundreds digit of p(h)?
0
Let i = -20 + 26. Let d be (2/((-8)/i)*-556)/2. Suppose 0 = 3*v + 3*k - d, -8 = 5*k + 7. What is the hundreds digit of v?
1
Let i(c) = c**3 + 7. Let h be 25/(20/4) + -5. Let v be i(h). Suppose -36 = -v*k - 8. What is the units digit of k?
4
Let c(b) = 2*b**3 - 131*b**2 - 134*b - 99. What is the thousands digit of c(73)?
0
Suppose -9*y + 4*y - 25 = -5*b, 2*y = b - 9. Suppose -j = -16 - b. Let q = 82 - j. What is the tens digit of q?
6
Suppose -q + 15 = 4*g + 2, -20 = -4*q. Suppose -1759 = 5*f + v - 5851, f - 813 = -g*v. What is the hundreds digit of f?
8
Suppose 0 = -35*s + 6207 + 1633. Suppose 229*r - 595 = s*r. What is the tens digit of r?
1
Let p = -68 - -70. Suppose 2*o = -4*v - 4, -o - 2 = 3*o + p*v. What is the units digit of (-903)/(-9) - ((-3)/(-9) + o)?
0
Let x be (-12)/(-16) - 65/(-20). Suppose -4*c = x*y - 1992, 7*y = 6*y + c + 496. What is the tens digit of y?
9
Suppose 0 = -5*i - 5*l - 5, 8*i + 4*l = 13*i - 22. Suppose 0*o + i*o + 991 = 5*v, 3*v = -5*o + 607. What is the tens digit of v?
9
Let x(p) = -35*p - 125. Let j be x(-26). Let o = -528 + j. What is the tens digit of o?
5
Let a = -190 - -192. Let w(r) = 24*r**3 + r**2 + 2*r + 2. What is the units digit of w(a)?
2
Suppose -32*z = -530 - 227345 - 128797. What is the tens digit of z?
4
Let f = 292 + -574. Let z = -23 - f. What is the tens digit of z?
5
Suppose 59 = 82*v - 269. Let g = -3 - -6. Suppose -29 = -z + 5*b, g*z + v*b - 38 = 2*z. What is the tens digit of z?
3
What is the thousands digit of (-1090)/4*((-289)/(-255)*-9 + 1)?
2
Let j = -2412 - -4562. Let q = j - 1177. What is the units digit of q?
3
Suppose 5504 = 14*m - 796. Suppose -287 = 4*t + 2*x - 733, m = 4*t - 2*x. What is the units digit of t?
2
What is the units digit of ((-3430)/(-63))/49 - (-449189)/9?
1
Let z = -200 + 218. What is the units digit of 22/z + (-14)/63 - -43?
4
Let n = 10763 + 4473. What is the tens digit of n?
3
Let h = -13 + 9. Let b be h/(-14) - 543*(-8)/84. Let l = b - 49. What is the units digit of l?
3
Let z(g) = 7*g**3 + 11*g**2 + 2. Let r(m) = -15*m**3 - 22*m**2 + m - 4. Let x(v) = 6*r(v) + 13*z(v). What is the hundreds digit of x(-9)?
1
Let z be -1*36*6/(-9)*3. Let n = -67 + z. Suppose -6*r = -n*r - 167. What is the hundreds digit of r?
1
Let t = 11 - 11. Let r be (15/(-10))/((-6)/448). Suppose z - r - 106 = t. What is the tens digit of z?
1
Let a = -6 + 170. Suppose -20*d = -18*d - a. What is the units digit of d?
2
Let w(g) = -5*g**3 - g**2 + 3*g + 3. Let k be w(-1). Suppose h - 6*h = k*u - 536, -4 = -h. What is the hundreds digit of u?
1
Let f = 177 + -173. Suppose -6*c + 9*c + 3*z - 195 = 0, 0 = -3*c + f*z + 195. What is the tens digit of c?
6
Let t be (156/10)/(20/50). Let q = t - 35. Suppose -q*p + 48 = 12. What is the units digit of p?
9
Suppose -80*s + 75*s + 1825 = 0. Suppose s = t + 5*d - 315, 3*d = 4*t - 2789. What is the tens digit of t?
9
Suppose 0 = 2*u - 24*u - 418. Let r = u - -48. What is the units digit of r?
9
Let i be 37/9 + 0 + 17/(-153). Suppose 5*z - 194 - 114 = 3*l, -i*l = 5*z - 336. What is the tens digit of z?
6
Suppose 2*v - 5*v - 847 = -4*u, -3*u = -v - 289. Let b be 4 - ((-1922)/(-4) - (-8)/16). Let r = v - b. What is the units digit of r?
0
Let z be -2 + (-6 + (4 - 2) - 0). What is the hundreds digit of (1008 - 54) + (z - -1)?
9
Suppose -x = 5*w - 22360, 0 = w + 3*x - 5*x - 4472. What is the units digit of w?
2
Suppose 2 = 2*t - 4*t, -3*t = 2*l - 27. Let r(d) = -d + 5. Let p be r(7). What is the hundreds digit of p/l + (-10568)/(-60)?
1
Let x(f) be the second derivative of 11*f**3/3 - f**2/2 + 9*f. Let d be 0/(2 + -1) + 2. What is the ten